+ 17. Suppose -r*n - 4*i + 6972 = -3*i, 0 = 5*n - i - 11612. Is n a prime number?
False
Let f(w) = 6145*w + 112. Let m be f(5). Suppose 6*i - 100359 + m = 0. Is i prime?
True
Let o(h) = 93*h**2 + 3*h + 10. Let s be o(-6). Let w = 9363 - s. Suppose r + 3300 = 2*g, r = -3*g + w - 1078. Is g a composite number?
True
Let p(f) = -f**3 + f**2 - f + 4. Suppose 0 = b - 10 + 10. Let r be p(b). Suppose -r*n + 1291 = 447. Is n a composite number?
False
Suppose 17 = 5*c + n + 3, -3*n - 9 = -2*c. Suppose -3*o - z + 569 = 0, -3*o + 168 = -c*z - 417. Is o prime?
True
Let x be (-12)/8 - (-62829)/6. Suppose -11*s = -16*s + x. Suppose -7*n + 860 + s = 0. Is n a composite number?
True
Let t(x) = -2*x + 15. Let d be t(3). Suppose -3*u - d = -15. Suppose -u*a + 140 + 234 = 0. Is a a composite number?
True
Suppose 0*y - y + 77 = -2*v, -256 = -3*y + v. Let b = 89 - y. Suppose b*t + 5*m = 874, -6*m + 1321 = 3*t - m. Is t prime?
False
Suppose 65*d - 60*d = -70. Is 6/3 - d*244 composite?
True
Suppose 8*t + 3*t - 6655 = 0. Suppose 0 = -6*d - t + 2183. Is d a composite number?
False
Let p(q) = 111*q**3 - 4*q**2 + 2*q + 1. Let l be p(2). Suppose -l = -4*k + 4*z + 167, 3*z + 1301 = 5*k. Is k a composite number?
True
Suppose 27*c = -23*c - 33*c + 63836213. Is c prime?
False
Let y(b) = 7*b**3 + 120*b**2 - 1171*b - 73. Is y(39) composite?
False
Let r be (-130)/26 + (0 - -2) + 3. Is -79*(-370 - r)/10 a composite number?
True
Let p be -5 + (-914)/(-26) - (-2)/(-13). Let g(r) = 80*r + 0 + p*r - 32. Is g(9) a composite number?
True
Suppose 0 = 3*s - 12, -5*r - 466 - 96 = 2*s. Suppose -2*u + 1010 = -5*x, 3*u - 4*x = 7*u - 1964. Let k = u + r. Is k prime?
False
Let c = 117135 + -47518. Is c a composite number?
True
Let z(k) = k**3 + 30*k**2 + 10*k - 39. Let a be z(-23). Let t = -673 + a. Is t a composite number?
True
Suppose 5*h - 5*w - 1692340 = 0, h - 152445 - 186027 = 5*w. Is h prime?
False
Let g = -177 + 167. Let u(v) = 132*v**2 + 16*v + 81. Is u(g) composite?
False
Suppose 0 = -4*y - 5*x + 8, 2*y - 4*x = -3*y + 10. Suppose 4*v - y*b - 10182 = -1010, -4*b + 9172 = 4*v. Is v a composite number?
False
Is (-8)/(-108) - (17 + 1076)/(54/(-80306)) composite?
False
Suppose 5*n = 10 - 5, -19 = o - 3*n. Let m = o + 20. Suppose -m*a + 72 = -636. Is a a prime number?
False
Let q(g) = -10942*g**3 + g**2 + 3*g + 2. Let b be q(-1). Suppose b = 3*n - n. Is n composite?
False
Let y = 62664 + -6095. Is y a prime number?
True
Let x = -183048 + 319747. Is x a prime number?
False
Is 2*2/(-14)*(-36932007)/102 a prime number?
True
Suppose 682 = 3*a + 4*t, -4*t + 62 - 1252 = -5*a. Suppose -243*h + 101241 = -a*h. Is h a composite number?
True
Is (-14 - -13)*9/((-9)/25958) prime?
False
Suppose 4*o + 56 + 272 = -4*x, 0 = 2*o - 2*x + 180. Let p = o + 152. Is ((-2068)/p)/((-4)/354) a composite number?
True
Suppose 57*r - 19*r - 1738538 = 0. Is r a prime number?
True
Suppose 395960 = 39*q - 807697. Is q prime?
False
Let z be (84/10)/((-93)/(-15) + -6). Suppose 36*j + 25446 = z*j. Is j prime?
True
Let r = -53832 - -85139. Is r prime?
True
Suppose -3*m + 8*m = -3*g - 26, -4*g - 24 = 4*m. Let j = g + 3. Is (2 - (-1 + j)) + 903 prime?
False
Is 2 - 336948/(-9) - (-6)/18 composite?
False
Let w be (17082/(-65))/(68/70 - 1). Let i = w + -4987. Is i a prime number?
True
Suppose -8*d + 4*d = 0. Let y = 319 - 46. Suppose 5*j + 1315 = -d*k + 5*k, y = k + 4*j. Is k a composite number?
True
Suppose 85*u - 1669447 = 36*u + 835972. Is u composite?
False
Let m be 9 - (-9 - (4 + -8)). Is (-48)/112 + 40984/m a prime number?
True
Let a(b) = 313*b + 256. Let t(v) = -104*v - 86. Let c(k) = -3*a(k) - 8*t(k). Is c(-7) prime?
False
Let s(q) = -128*q - 10. Let v(h) = 64*h + 5. Let n(x) = 2*s(x) + 5*v(x). Is n(11) a prime number?
True
Let i = 58119 + -32521. Is i a prime number?
False
Suppose -21*a - 121*a + 197294374 = 0. Is a a prime number?
False
Suppose 4*b - 21165 = 3595. Suppose b = 3*f - 5*d - 743, 2294 = f + 4*d. Suppose 4*n - f = -2*h, 4*h - n = -3*n + 4606. Is h a composite number?
False
Let a be 86884/(-3 - -7) - -4. Let n = a - 10839. Is n a prime number?
False
Let c(k) be the third derivative of -k**4/24 - 13*k**2. Let l(f) = 78*f + 19. Let u(p) = 5*c(p) - l(p). Is u(-12) a composite number?
False
Let x(c) = -816*c - 5. Let n(o) = -o - 11. Let b be n(0). Let i be x(b). Suppose -3*a + 5*p + 5394 = 0, -5*a + 3*p = p - i. Is a a composite number?
True
Suppose 0 = d + 2*u - 43, -2*u = -5*d + 154 + 73. Is d/60 + 39346/8 composite?
False
Is (306159/9 - -2)/(52/156) composite?
False
Suppose 4*j + 1879 = 2*z + 24077, -4*j + 4*z + 22188 = 0. Suppose 4*r = 2172 + j. Is r a composite number?
False
Let h(g) = -3*g**3 + 37*g**2 + 53*g + 707. Is h(-26) prime?
True
Let n = 32144 - 19075. Is n a composite number?
True
Let p(b) = b**3 + 35*b**2 + 21*b - 19. Let d(g) = g**3 + 34*g**2 + 20*g - 20. Let a(y) = -5*d(y) + 6*p(y). Is a(-11) a prime number?
True
Let u = -94 + 96. Let o be (-42 + -5)/(1/(-71)). Suppose -1705 = -u*z + o. Is z prime?
True
Suppose 2*b + o + 2*o - 107 = 0, 0 = -4*b - 3*o + 205. Let l be (-41333)/(-7) - (-14)/b. Suppose 1 = n + 4, 3*n = -2*d + l. Is d composite?
False
Let b = 0 + 3. Suppose -c + 409 = -w, b*c - 2*w - 527 = 704. Let p = c - 252. Is p a composite number?
True
Let r(x) = 16*x**2 - 22 - 9*x**2 - 11*x + 8*x. Let n be r(6). Let d = n + 159. Is d prime?
False
Let p(g) = -g**3 - 21*g - 12*g + g**2 - 19 - 5*g - 20*g. Is p(-21) a prime number?
False
Let k = 262 - 257. Let t be (-44)/(-10) + 4/(-10). Suppose t*l = -k*p + 636, 5*l + 5*p - 159 = 4*l. Is l prime?
False
Suppose -o + 4*o = -8*o. Suppose -4 = 3*t - 19, o = f - 4*t - 3117. Is f a prime number?
True
Suppose -48*t - 33*t + 124997510 = 46977419. Is t prime?
True
Let l = 241126 + -81605. Is l composite?
False
Let p(z) = 1017*z**2 + 9*z + 21. Let t be p(-5). Suppose -19*g - t = -22*g. Is g a prime number?
True
Suppose 0 = -x - 1. Is (-10 - -13) + x/(3/(-11064)) a composite number?
False
Suppose 2*i + 3*b = -3*i - 20, i + b + 4 = 0. Let t(s) be the first derivative of -13*s**4/4 + 4*s**3/3 - 3*s**2/2 - 13*s - 7. Is t(i) prime?
False
Let u = 105 + -63. Let f = -621 - u. Let t = f + 1130. Is t prime?
True
Let y = 42296 - -12987. Is y prime?
False
Suppose 3*w + w = 0, 5*w + 58428 = q. Suppose 47*j - q = 11*j. Is j a composite number?
True
Let t(r) = -112*r + 33. Let m(u) = u + 1. Let z be m(0). Let f be (2/(-2*z/5))/1. Is t(f) prime?
True
Let l(h) = 760272*h + 529. Is l(1) composite?
True
Let x = 17955 + -10096. Is x a prime number?
False
Let z be (-4)/(-216)*-6 - 38/(-18). Is (-1 - 0)*(-2)/z*557 a prime number?
True
Let x(s) = s**2 - s + 1. Let j be x(0). Let r be 27 - 13 - j/1. Suppose -402 = -5*k + r. Is k a composite number?
False
Let k(d) = -d**2 - 15*d + 7. Suppose 0 = 6*j + 4*j + 150. Let p be k(j). Suppose 9*t - 534 = p*t. Is t prime?
False
Suppose 83*s - 367271 - 1718302 = -50*s. Is s prime?
False
Let m(d) = 23890*d + 2783. Is m(32) prime?
False
Let d = 10253 - -17324. Suppose h - 15566 = -4*x + d, -3*x - 6 = 0. Is h a composite number?
False
Let d = -24 - -40. Is d/(-7)*-758 - 3/(-7) prime?
True
Let t(i) = 21581*i**2 + 12*i - 38. Is t(5) a prime number?
False
Is 184/115 - 11/((-55)/91497) prime?
True
Let w(o) = -45544*o + 1027. Is w(-6) composite?
True
Let h(u) = 77*u**2 - 56*u + 412. Is h(-39) prime?
False
Suppose 0 = -7*r + 840 + 7091. Let n = 2844 - r. Is n a prime number?
False
Let p = 8824684 - 1365153. Is p a prime number?
True
Suppose 2*v = -6*o + 462364, v = 4*o + 5*v - 308256. Is o composite?
True
Let l(n) = 645*n - 4234. Is l(81) a prime number?
False
Suppose 35*j = -32 - 108. Let t(q) = 19*q**3 - 2*q**2 + 8*q + 12. Let c(i) = -20*i**3 + 3*i**2 - 7*i - 13. Let n(o) = -6*c(o) - 7*t(o). Is n(j) prime?
False
Suppose 83*s - 77*s - 24 = 0. Suppose 0 = 6*u - 2*u + 12, -3*u + 9763 = s*o. Is o a prime number?
False
Let h be 22/10*3515/37. Let w = 1918 - h. Is w prime?
True
Let j be 0*7/(-56)*2. Suppose 5*u = 5*l - 12885, 2*u - 7731 = -3*l - j*u. Is l a prime number?
False
Suppose 0 = 2*f + 19 + 39 - 20. Let c(y) = -3 - 5*y + 0 - 13*y. Is c(f) composite?
True
Suppose 8*l - 9*l - 3*n = -2, -4*n = -l + 9. Suppose -2*u + 232 = -l*d - 2170, d + 6005 = 5*u. Is u composite?
False
Let a(v) = 2*v**2 - 2*v + 4. Let u be a(-6). Let x = u + 3331. Is x a p